.
200
Calculate the remainder when 24504 is divided by 1359.
42
What is the remainder when 3043 is divided by 218?
209
What is the remainder when 771336 is divided by 226?
224
Calculate the remainder when 9827 is divided by 4901.
25
Calculate the remainder when 553 is divided by 249.
55
What is the remainder when 2881 is divided by 2486?
395
Calculate the remainder when 10918 is divided by 2687.
170
What is the remainder when 270591 is divided by 244?
239
What is the remainder when 1734 is divided by 79?
75
What is the remainder when 88976 is divided by 60?
56
Calculate the remainder when 4012 is divided by 4000.
12
What is the remainder when 1598434 is divided by 356?
350
Calculate the remainder when 8709 is divided by 8607.
102
Calculate the remainder when 2296 is divided by 69.
19
Calculate the remainder when 4013 is divided by 1657.
699
Calculate the remainder when 71537 is divided by 73.
70
What is the remainder when 48961 is divided by 48843?
118
What is the remainder when 26312 is divided by 295?
57
Calculate the remainder when 21538 is divided by 20.
18
Calculate the remainder when 2580 is divided by 56.
4
Calculate the remainder when 78462 is divided by 39229.
4
Calculate the remainder when 239398 is divided by 388.
2
Calculate the remainder when 56010 is divided by 11202.
0
What is the remainder when 33378 is divided by 179?
84
What is the remainder when 111211 is divided by 37063?
22
What is the remainder when 1281 is divided by 415?
36
What is the remainder when 833675 is divided by 99?
95
Calculate the remainder when 301509 is divided by 60300.
9
What is the remainder when 3135 is divided by 926?
357
Calculate the remainder when 13827 is divided by 1002.
801
What is the remainder when 2248 is divided by 450?
448
What is the remainder when 3216 is divided by 9?
3
What is the remainder when 266685 is divided by 284?
9
What is the remainder when 4213 is divided by 48?
37
Calculate the remainder when 862 is divided by 285.
7
Calculate the remainder when 1496 is divided by 1494.
2
Calculate the remainder when 64946 is divided by 5.
1
What is the remainder when 1898 is divided by 373?
33
What is the remainder when 1563 is divided by 480?
123
Calculate the remainder when 555168 is divided by 289.
288
What is the remainder when 323517 is divided by 30?
27
Calculate the remainder when 8366 is divided by 2772.
50
What is the remainder when 43784 is divided by 644?
636
What is the remainder when 15417 is divided by 70?
17
What is the remainder when 821033 is divided by 30?
23
What is the remainder when 126407 is divided by 9?
2
Calculate the remainder when 259927 is divided by 210.
157
Calculate the remainder when 48777 is divided by 36.
33
Calculate the remainder when 200900 is divided by 78.
50
Calculate the remainder when 10018 is divided by 14.
8
What is the remainder when 44151 is divided by 14?
9
Calculate the remainder when 10017 is divided by 397.
92
Calculate the remainder when 11213 is divided by 49.
41
Calculate the remainder when 2172 is divided by 173.
96
Calculate the remainder when 536 is divided by 23.
7
What is the remainder when 11399 is divided by 92?
83
What is the remainder when 264 is divided by 149?
115
What is the remainder when 231952 is divided by 2494?
10
What is the remainder when 2148 is divided by 357?
6
Calculate the remainder when 66045 is divided by 32.
29
What is the remainder when 306 is divided by 274?
32
What is the remainder when 1668152 is divided by 98?
94
What is the remainder when 2706494 is divided by 235?
234
Calculate the remainder when 34240 is divided by 6847.
5
Calculate the remainder when 634944 is divided by 12958.
2
Calculate the remainder when 2460 is divided by 112.
108
What is the remainder when 706439 is divided by 28?
27
What is the remainder when 3636 is divided by 258?
24
What is the remainder when 1448 is divided by 447?
107
Calculate the remainder when 1027026 is divided by 397.
384
Calculate the remainder when 26970 is divided by 475.
370
Calculate the remainder when 836 is divided by 276.
8
Calculate the remainder when 3116 is divided by 186.
140
Calculate the remainder when 1228 is divided by 205.
203
Calculate the remainder when 668 is divided by 183.
119
Calculate the remainder when 65100 is divided by 930.
0
What is the remainder when 3024 is divided by 196?
84
What is the remainder when 228 is divided by 15?
3
What is the remainder when 185008 is divided by 92503?
2
Calculate the remainder when 59727 is divided by 49.
45
Calculate the remainder when 3273 is divided by 3267.
6
Calculate the remainder when 50062 is divided by 84.
82
Calculate the remainder when 1490 is divided by 125.
115
What is the remainder when 12950 is divided by 994?
28
Calculate the remainder when 39057 is divided by 78.
57
What is the remainder when 1702176 is divided by 93?
90
Calculate the remainder when 320567 is divided by 74.
73
What is the remainder when 14439 is divided by 243?
102
What is the remainder when 29243 is divided by 56?
11
What is the remainder when 1591494 is divided by 113678?
2
Calculate the remainder when 43307 is divided by 36.
35
Calculate the remainder when 6608 is divided by 78.
56
Calculate the remainder when 32112 is divided by 85.
67
Calculate the remainder when 128239 is divided by 114.
103
Calculate the remainder when 6002 is divided by 42.
38
Calculate the remainder when 6240 is divided by 826.
458
What is the remainder when 11228 is divided by 348?
92
Calculate the remainder when 1329 is divided by 94.
13
Calculate the remainder when 6243 is divided by 6176.
67
Calculate the remainder when 140061 is divided by 76.
69
Calculate the remainder when 23107 is divided by 551.
516
Calculate the remainder when 1141 is divided by 969.
172
What is the remainder when 139714 is divided by 852?
838
What is the remainder when 20078 is divided by 359?
333
What is the remainder when 4456 is divided by 448?
424
Calculate the remainder when 14153 is divided by 674.
673
What is the remainder when 1035932 is divided by 66?
62
Calculate the remainder when 312166 is divided by 487.
486
What is the remainder when 27551 is divided by 13773?
5
Calculate the remainder when 30361 is divided by 10120.
1
What is the remainder when 303918 is divided by 16?
14
What is the remainder when 53564 is divided by 147?
56
Calculate the remainder when 33089 is divided by 827.
9
Calculate the remainder when 519216 is divided by 63.
33
What is the remainder when 126586 is divided by 12657?
16
Calculate the remainder when 102700 is divided by 863.
3
Calculate the remainder when 11001 is divided by 1999.
1006
Calculate the remainder when 182035 is divided by 26003.
14
What is the remainder when 12399 is divided by 170?
159
Calculate the remainder when 19125 is divided by 533.
470
Calculate the remainder when 18775 is divided by 186.
175
Calculate the remainder when 3036 is divided by 134.
88
Calculate the remainder when 6196 is divided by 1547.
8
What is the remainder when 4001530 is divided by 464?
458
What is the remainder when 51989 is divided by 413?
364
Calculate the remainder when 37624 is divided by 153.
139
What is the remainder when 35899 is divided by 931?
521
Calculate the remainder when 24364 is divided by 117.
28
What is the remainder when 19742 is divided by 24?
14
What is the remainder when 73355 is divided by 4075?
5
Calculate the remainder when 66637 is divided by 119.
116
Calculate the remainder when 316 is divided by 24.
4
What is the remainder when 9032 is divided by 19?
7
Calculate the remainder when 23283 is divided by 1062.
981
Calculate the remainder when 38114 is divided by 1123.
1055
Calculate the remainder when 114706 is divided by 1712.
2
Calculate the remainder when 17744 is divided by 239.
58
What is the remainder when 44221 is divided by 55?
1
Calculate the remainder when 752425 is divided by 21.
16
What is the remainder when 30889 is divided by 145?
4
What is the remainder when 181 is divided by 60?
1
What is the remainder when 2551 is divided by 264?
175
Calculate the remainder when 863261 is divided by 1306.
1301
Calculate the remainder when 59836 is divided by 5437.
29
What is the remainder when 555749 is divided by 33?
29
Calculate the remainder when 29461 is divided by 42